rue
Let l = 78 - 73. Suppose n + 2*u = -0*n + 5375, 5*n + l*u - 26865 = 0. Is n a composite number?
True
Let y = 209 + -199. Suppose 16*q - y*q = 9930. Is q a prime number?
False
Is 1496726/(-44)*310/(-35) a composite number?
True
Suppose 59 = 3*r - q, 4*r + 3*q + q - 68 = 0. Let j = r - 30. Let g(i) = 4*i**2 + 14*i - 7. Is g(j) a composite number?
True
Let b(a) be the second derivative of -3/2*a**2 - 94/3*a**3 + 0 + 17*a. Is b(-2) a composite number?
False
Let r be (-1)/18*4 + 716/(-18). Let f(m) = -163*m - 281. Is f(r) prime?
False
Is 1/((-4)/(-126138)*18/12) a prime number?
True
Let c(l) = -222527*l - 801. Is c(-2) a prime number?
True
Suppose 3*y = -3*r + 200715, 18*y - 14*y - 4*r - 267588 = 0. Is y a prime number?
False
Let k(f) = 38*f**2 - 22*f**2 + 17 + 2*f - 6*f. Let o = 1 - -4. Is k(o) composite?
False
Suppose 2 = 9*o - 70. Let g be 250 + -3 + 2 + 2. Let m = o + g. Is m a composite number?
True
Let o(b) = -b**3 + 3*b**2 - 21*b + 19. Let f be o(-17). Suppose -f = -4*r - 4*y, 4*r + r - 4*y - 7659 = 0. Is r composite?
True
Is (((-63)/35)/((-3)/148315))/3 a prime number?
True
Let a = -521132 - -1044133. Is a a composite number?
True
Let a(h) = -114*h - 1193. Is a(-25) a prime number?
True
Suppose 10*z - 15*z + 201145 = 4*b, -z = -b - 40238. Suppose 0 = -15*k + 17262 + z. Is k prime?
True
Suppose -11*k + 113 + 140 = 0. Let y = -56 + 40. Let a = y + k. Is a prime?
True
Let b(i) = 25*i**3 + 7*i**2 - 6*i - 7. Suppose 10*c - 22*c = -60. Is b(c) prime?
False
Let q(b) = -b**3 + 17*b**2 - 6*b - 2. Let h be 6 + 5/(-1 - -6). Suppose -k = -9 - h. Is q(k) prime?
False
Let q be 7*-1*(-30)/105. Let w(g) = 4*g - 13. Let l be w(q). Let p(i) = -i**3 - 2*i**2 + 7*i + 9. Is p(l) prime?
False
Let j be (25/(-15))/((-2)/6). Let r = 36 + j. Suppose s - r = 160. Is s a composite number?
True
Let n be (1 - 2)*(36 + -11 + -15). Is (-37 - -239)*n/(-4) a composite number?
True
Suppose 2*y - 106826 = 2*h, -28*y - h - 267053 = -33*y. Suppose 0 = r - m + 4*m - 10666, 5*r - y = m. Is r composite?
True
Let z = -211673 - -309064. Is z a prime number?
False
Suppose 0*a - 27*a + 1103977 = -4*a. Is a prime?
False
Let j(r) be the first derivative of -7*r**2/2 + 18*r - 2. Let c be j(3). Is 39 - ((3 + c)/3 + 2) prime?
True
Let r(h) = 5541*h**2 + 521*h - 81. Is r(-7) a prime number?
True
Let f(d) = 1 - 3*d - 7*d**2 + 2*d**2 + 4 - d**3 + 4. Let q be f(-4). Suppose -6*r - 411 = -v - r, 0 = q*v + 2*r - 1947. Is v a composite number?
True
Suppose 9*v = 11*v + 2*j, 0 = -5*v + 5*j + 20. Suppose 0 = 3*l - 3*t - 10050, t + 6712 = v*l + 3*t. Is l composite?
True
Let t(v) = -9*v**2 - 53*v + 6. Let n be t(-6). Suppose -4*l + 67 + 34369 = n. Is l a prime number?
True
Let l = 46615 + -8936. Is l composite?
True
Is ((-7)/5)/((-16)/(-80)) + 242316 composite?
False
Let n(i) = i**2 + 12*i - 13. Let m(r) = -r**2 - r. Suppose 4*q = 77 - 89. Let g(p) = q*m(p) - n(p). Is g(-16) prime?
False
Let p(w) = -2*w - 23. Let q be p(-14). Suppose 5*v = 17*z - 14*z - 8550, -q*v - 15 = 0. Is z a composite number?
True
Suppose 56*s - 99040 = 2853448. Is s a composite number?
True
Is ((-2587168)/(-24))/(16/(-24) - -2) composite?
False
Suppose -4*i - i - 3*z + 9840 = 0, 2*i - 3967 = 5*z. Suppose -5*o - 679 - i = 0. Let f = -147 - o. Is f a composite number?
False
Let v = -3230 + 289159. Is v composite?
True
Let v = 116 + -117. Let z(o) = -10*o + 7. Let c be z(v). Suppose 68030 = -7*g + c*g. Is g a prime number?
True
Let g(c) = 41*c - 19. Let w be (4 + -1 + -3)/(-2). Suppose -8*i + 3*i + 20 = w. Is g(i) a prime number?
False
Let w(o) = o**3 - 30*o**2 + 22*o + 41. Let j be w(29). Let l be -1 + (-7)/(-5) + j/(-45). Let p = 123 + l. Is p prime?
True
Suppose 6*x + 25 = 145. Suppose 19*f + 100 = x*f. Let t = -51 + f. Is t a prime number?
False
Let j be (-2)/2*(1 - 3) - 0. Suppose 0*f = -2*f - j. Is (f/(-3))/(4/3684) composite?
False
Let c(n) be the second derivative of n**8/6720 + 2*n**5/15 + 5*n**4/4 - 7*n. Let p(q) be the third derivative of c(q). Is p(5) a composite number?
True
Let y(a) = a**3 + 16*a**2 - 144*a + 60. Let i be y(-13). Let w = -2 + 2. Suppose 12*o - 4509 - i = w. Is o a prime number?
False
Let j = 18541 + -11032. Is j composite?
True
Let d = 18 - -3. Suppose 26*w = d*w + 6295. Is w composite?
False
Let h = 17629 - -2014. Is h a composite number?
True
Let b = -35715 - -82568. Is b a composite number?
False
Suppose k - 14*k + 26 = 0. Suppose -z + k*c + 6832 = -c, 2*z - 4*c - 13670 = 0. Is z a composite number?
False
Let t = 16960 - 9614. Let x = t - 2241. Is x prime?
False
Let g(d) = 104*d**3 + 8*d**2 + 2*d + 4. Let q be g(-7). Is (q/(-17) - -1) + 56/476 prime?
False
Let w(m) = 13*m - 169. Let i be w(13). Suppose -2*j + 3001 + 5637 = i. Is j a prime number?
False
Suppose -14*a + 208572 = -10*a - h, -2*a = 5*h - 104264. Suppose -15*b + 10873 = -a. Is b a composite number?
False
Let f(l) = 3656*l**2 + 59*l + 46. Let g(b) = 1828*b**2 + 29*b + 25. Let d(w) = 3*f(w) - 5*g(w). Is d(-5) a composite number?
False
Let i = -52 + 49. Let f(x) = 838*x**2 - 2*x - 13. Let y be f(i). Suppose 4*r = w - 1507, -5*w + r + r + y = 0. Is w a composite number?
True
Suppose -b - 100*u + 230001 = -101*u, 5*b = 3*u + 1149997. Is b a prime number?
False
Let i(z) = 797*z**3 + 162*z**2 + 7*z - 25. Is i(3) composite?
False
Let w = 20279 - -293192. Is w a composite number?
False
Is (228/(-5))/(((-256)/(-91560))/(-16)) - 5 composite?
False
Is 2823795/13 + 1 - (12 - 3) a composite number?
False
Suppose a = -2*z + 10, a - 4*a + 34 = 5*z. Let j = 23 - a. Suppose 34 = 4*y - 2*u - 116, y + j*u = 32. Is y a prime number?
True
Let d(a) = -32758*a + 6475. Is d(-26) a composite number?
True
Suppose c - 174395 = -5*h + 5390, h - c - 35957 = 0. Is h a prime number?
False
Let g = 104 - -4. Let m = g + -111. Is 298 + (m - -1 - 3) composite?
False
Suppose 3*i = -5*p - 8, 14*i - 19*i = 3*p - 8. Suppose l + 841 = i*h, -l = 5*h + 4*l - 1020. Is h a prime number?
False
Is (-2)/(-12) + 2763/(-270)*-12895 prime?
True
Let n(x) = -7*x + 1. Let p be n(-22). Suppose -2*q = -9553 + p. Is q a prime number?
False
Let h(s) = -8141*s + 43. Let x be h(-2). Suppose -x + 58243 = 2*g. Is g prime?
True
Let o(v) = 107015*v + 104. Is o(3) a prime number?
False
Let x(c) = -5796*c - 1487. Is x(-8) prime?
False
Suppose -n - 8 = 3*h, 9*h = 3*h - 3*n - 18. Let b(v) = -v**2. Let x(y) = -104*y**2 + 2*y + 7. Let k(a) = 4*b(a) - x(a). Is k(h) a composite number?
False
Let l = 188142 - 120701. Is l prime?
False
Is 80917/((-7)/(-21)*(1 + 2)) prime?
True
Suppose 3*m = 5*x - 14, 3*m - 2 = -7*x + 8*x. Suppose 0 = -r + 5*o + 3000 - 840, 3*o - 4307 = -m*r. Is r composite?
True
Let f be (-1 - 2)*(1 + (-1)/3). Let s be 4 + (9 + f - 4). Is 5421/12 + (1 - s/4) a prime number?
False
Is (-4)/((-32)/(-817368))*(-6)/9 a composite number?
True
Let j = -1207725 + 3290944. Is j prime?
True
Let f = 3 - -1. Suppose 0 = 3*a + 4*n - 31, -f*a - 4*n + 6*n + 34 = 0. Suppose a*b - 508 = 5*b. Is b a prime number?
True
Let m(b) = 4 - 2 + 11 + 734*b - 2012*b. Is m(-3) composite?
False
Let j(i) = -i**3 + i**2 + 15*i + 11. Let f be j(-4). Suppose -4*r + 3*x = -1010, -x + f = 29. Is r a prime number?
False
Suppose 5*u = -4*y + 19210, -y = -0*y. Suppose 2*g + 5*s - u = 0, -3*s + 270 = g - 1649. Is g composite?
False
Suppose -564 - 596 = -8*d. Suppose -2*n - 2*p + 290 = -0*n, d = n + 5*p. Suppose 0 = 8*m - n - 63. Is m a prime number?
False
Let y = 130 + -70. Let w be (3/(-4))/((-15)/y). Suppose w*c = -0*c + 879. Is c a prime number?
True
Let l(f) = -f**2 + 6*f + 9. Let u be l(5). Suppose s + 2*a = -u, -65 + 2 = 5*s + 3*a. Is -1167*(-3)/(-3)*4/s prime?
True
Suppose -2*b = 5*q - 350945, 8*q = 6*q - 6. Suppose -13*z = -b - 25929. Is z a prime number?
True
Let t = 263 - 266. Is t/((24/(-2324))/2) prime?
False
Suppose 4*a = 4*n - 1780, 4*n = 2*a + a + 1783. Suppose -n - 469 = -7*d. Let h = 184 - d. Is h composite?
False
Let q(g) = 6*g**2 + 122 + 5*g**2 + 39*g**2 - 11*g. Is q(7) composite?
True
Let l be (4 - (-20)/(-8)) + (-3)/2. Suppose 5*f + 4*p + 20 = l, -4*f + p + 7 = 2. Suppose -4*k = -f*k - 328. Is k composite?
True
Suppose 0 = 38*u - 0*u + 13566. Let g = -100 - u. Is g composite?
False
Let t(x) = -4*x + 24. Let w be t(6). Suppose 3*q - 7*q + 8 = w. Suppose -q*u + 851 = -u. Is u a prime number?
False
Let 